h + 281 = 5*t. Let b = -1730 - -1759. Calculate the highest common factor of b and t.
29
Let q(j) = -58*j + 1404. Let h be q(24). What is the highest common divisor of 20472 and h?
12
Suppose 1194*w = 1284*w - 810. Let o(n) = 31*n - 1. Let y be o(1). Suppose 4*z - y = -z. What is the highest common divisor of w and z?
3
Suppose -15*a - a + 15587 = -14877. What is the highest common divisor of 102 and a?
34
Suppose -5*m + 360 = -5*m + 15*m. What is the greatest common divisor of m and 17196?
12
Suppose 15 = 4*p + n, -p + n - 20 = -25. Suppose p*h + 70*r - 66*r - 108 = 0, 71 = 3*h + 5*r. Calculate the greatest common factor of 40 and h.
8
Suppose -2*f + p = -238, 3*f - 344 = 10*p - 15*p. What is the greatest common factor of 7139 and f?
59
Suppose -4*k = 2*b - 312, -5*k = 59*b - 55*b - 390. Calculate the highest common factor of k and 16458.
78
Let g be (0 + 1)/((-1)/(-4)). Let l = 24 + -53. Let n = l - -35. Calculate the highest common divisor of n and g.
2
Suppose 4*v - 2*u - 280 = 0, 166 + 54 = 3*v - 4*u. Suppose 6 - 22 = -4*p. What is the greatest common factor of v and p?
4
Suppose 3*r + 2100 = 3*q, -2*r + 3*r - 1397 = -2*q. Let i = q - 377. What is the greatest common factor of i and 46?
46
Let p = -2986 - -3142. What is the greatest common factor of 416 and p?
52
Let l = 792 + -416. Suppose 10*z - 14*z = -l. What is the highest common factor of 47 and z?
47
Let u = -413 + 416. Suppose -u*p = -m - 252, -5*p - 4*m + 24 = -396. Calculate the greatest common factor of p and 7.
7
Suppose 3*y + 826 = 5*l, -38*y = 2*l - 39*y - 329. Calculate the greatest common factor of 2944 and l.
23
Let h be (-13)/(-52)*14336/14. What is the highest common factor of 1856 and h?
64
Let q(u) = 4*u**2 - 46*u - 246. Let l be q(-5). Calculate the greatest common factor of l and 1449.
21
Suppose 0 = -q + 83 - 18. Let h = -59 + q. Suppose -h*l - 143 = -3*t - 2*l, -103 = -3*t - 4*l. What is the highest common factor of 451 and t?
41
Let o = -93 + -95. Let w = -150 - o. Calculate the highest common factor of w and 57.
19
Let a = 5082 + -5073. Calculate the greatest common factor of 14760 and a.
9
Suppose 1103*b - 1700 = 1099*b. Calculate the greatest common divisor of b and 391.
17
Let k be (165/(-99))/(5/(-114)). Calculate the greatest common factor of k and 361.
19
Let m = -165 - -145. Let y be 6/(-10) - (-4 + 192/m). Let h(c) = -c + 52. Let x be h(0). Calculate the greatest common factor of x and y.
13
Let w(v) = -3*v**3 - 8*v**2 - 5*v + 9. Let m be (-4)/3 - (10 - (-190)/(-30)). Let g be w(m). What is the highest common divisor of g and 19?
19
Suppose 0 = -4*a + 2*s + 1012, 0 = 3*s + 17 - 11. Let u be 4/(-6)*(-252)/3. What is the greatest common divisor of a and u?
28
Let q be 6*(6 - (-66)/(-10))*-20. What is the highest common divisor of q and 12780?
36
Suppose -19674 + 19666 = -2*c. What is the highest common divisor of 1142 and c?
2
Suppose t - 269 = -4*f, 5*f + t - 339 = -3*t. Suppose 11 - f = -r. Suppose 7 = 2*x - 3*l - 9, -40 = -4*x + 4*l. Calculate the greatest common factor of r and x.
14
Let z be (-12)/8*(-2 + (1 - 13)). Let a be (-1)/6*2 + 406/z. What is the greatest common divisor of 133 and a?
19
Suppose s = 2*v - 1418 + 241, 3*v - 2*s = 1769. Calculate the greatest common divisor of 351 and v.
117
Let d(h) = h**2 + 4*h - 25. Let a be d(-7). Let j be (((-940)/24)/(-5))/(a/(-24)). What is the greatest common factor of 94 and j?
47
Let a(y) = -y**3 - 20*y**2 - 9*y - 47. Let t be a(-20). Calculate the highest common divisor of t and 9975.
133
Let a be 14/4*3*8. Suppose -9*q = -1451 + 263. What is the highest common factor of q and a?
12
Let v be (-7)/(14/(-4))*2. Suppose 125*m = 98*m + 378. Calculate the highest common divisor of v and m.
2
Let c be ((-2)/6)/((-4)/24) - 2. Suppose 15*d - 139 - 161 = c. What is the highest common divisor of d and 1220?
20
Suppose -3*v - 1850 = -8*v. Calculate the highest common divisor of 330 and v.
10
Suppose x + 79 = -2*d, 0*d - 143 = 4*d - 3*x. Let n = -27 - d. Calculate the greatest common factor of 44 and n.
11
Let q be (576/(-78))/(-4) + -2 - 3249/(-247). Let n be -1 - 6*(-4)/6. Let d be (1 - (-42)/n) + -2. What is the greatest common factor of q and d?
13
Suppose 4 = 5*k - 11. Suppose 30 = k*d - q, q = 4*d + d - 52. Suppose -u + d - 8 = 0. What is the highest common divisor of 15 and u?
3
Suppose -4*y - 17*y = 2604. Let r = 167 + y. Calculate the greatest common divisor of 1376 and r.
43
Suppose 121*b + 71*b - 13*b - 16647 = 0. Calculate the highest common divisor of 15 and b.
3
Suppose -2*r + 15 + 3 = -4*y, 0 = -4*y - 8. Let w be (40 + -39)*5*r. Calculate the highest common factor of w and 250.
25
Let t(w) = 7*w - 4. Let a be t(6). Suppose -4*l = -2*m + 74, 0 = -l - 13*m + 8*m + 9. Let i = a + l. Calculate the highest common factor of 88 and i.
22
Let f(p) = -p**2 - 12*p + 74. Let n be f(-16). Suppose 7*u + n*u = 238. What is the highest common factor of u and 112?
14
Let z(y) = -13*y. Let t be z(-2). Let l be (-1638)/30*(-6 - (-16)/6). Calculate the highest common factor of t and l.
26
Let c(l) = -3*l + 12. Let f be c(3). Let k be (f*3/((-9)/(-73)))/1. Let i = k - 56. What is the greatest common factor of 85 and i?
17
Let v(x) = 3*x**2 - 20*x - 4. Let k be v(7). Suppose 8*b = k*b + 595. Calculate the greatest common divisor of 153 and b.
17
Let s be (-1 - -1)/((-28)/(-14)). Suppose 4*m - 8 - 12 = s. Suppose m*a + 0*r - 5*r = 50, 3*a - 30 = -2*r. Calculate the greatest common divisor of 15 and a.
5
Let p be (-6)/(-9) + (-260)/(-6) + 0. Suppose 0 = 7*z - 11*z + 52. Let s = p + z. Calculate the greatest common divisor of 19 and s.
19
Let h(r) = -r**3 - 4*r**2 + 7*r - 29. Let t be h(-6). Suppose -14 = -2*x + 6. Let l be x/55 + 106/22. What is the highest common factor of t and l?
1
Suppose 62*h - 5*h = 9576. Calculate the highest common divisor of h and 648.
24
Suppose 0 = 24*g - 22*g - 4*r - 400, -1000 = -5*g - r. Calculate the highest common divisor of g and 12.
4
Let o = 304 - 275. Suppose -24*k = -2*n - 21*k + 59, n - o = k. Let r be 1 - (-1 - -1) - -139. What is the greatest common divisor of r and n?
28
Suppose 389 = -4*p + 5*n, -n + 158 = -2*p - 35. Let o = p - -104. What is the greatest common divisor of 56 and o?
8
Let m(d) = 0 - d**3 - 8 - 74*d**2 + 15*d + 78*d**2. Let t be m(6). Suppose -g + t = g. Calculate the greatest common factor of 25 and g.
5
Suppose 11868 = 151*c - 8366. Calculate the highest common factor of c and 7571.
67
Let c(r) = -590*r + 345. Let a be c(-1). Calculate the highest common divisor of a and 34.
17
Suppose -195*a + 7056 = -132*a. What is the greatest common factor of 3388 and a?
28
Let p be -6*-87*20/45. Let c be (-20)/30 + p/24. What is the greatest common divisor of c and 99?
9
Let a(i) = 1390*i**3 - 3*i**2 - 27*i + 33. Let j be a(3). Calculate the greatest common factor of j and 165.
165
Suppose 5*g - 9*g = -268. Let p be (-12)/8*2 + 41. Let h = g - p. Calculate the greatest common factor of 261 and h.
29
Suppose 2*j = 3*k + 144, 5*k = -4*j + j - 240. Let m be (k/28 - 0)*-7. Suppose 0 = 11*z - 14*z + m. What is the highest common divisor of z and 36?
4
Suppose -7*l + 64 + 20 = 0. Suppose -4*x + 0*m = m - 40, -3*m + l = 0. Let u = -107 + 110. Calculate the greatest common divisor of x and u.
3
Let v = -21186 - -21196. Suppose 4*k - 9 = 7. Calculate the highest common divisor of k and v.
2
Let m(n) = 5*n - 15*n + 21 - 12949*n**2 - 3*n**3 + 12941*n**2. Let t be m(-7). What is the highest common divisor of 56 and t?
56
Suppose -2622 + 907 = 7*t. Let n = 349 + t. Suppose 8*o - 8 = n. Calculate the greatest common factor of o and 4.
2
Suppose 518 = 20*q - 92*q + 3110. Calculate the highest common factor of q and 612.
36
Let a be 20 - 209/(-19) - -1. Let r(x) = -3*x - 4. Let l be r(-3). Suppose -l*u = -0*u - 400. What is the greatest common divisor of a and u?
16
Let p be (209 - 207)*6298/4. Calculate the highest common factor of 188 and p.
47
Suppose 3*r + 76 = z, -4*z - 33 = r + 1. Let n = 144 - r. Calculate the highest common factor of n and 34.
34
Let l = -750 + 1002. Let k be -55 - -3*(-3)/(-3). Let h = -24 - k. What is the highest common divisor of h and l?
28
Let r(g) = -g**3 - 29*g**2 - 5*g - 55. Let i be r(-29). Let c be (-4 + -16)/((-6)/(3 - -9)). What is the highest comm